the units digit of 311762?
2
What is the tens digit of 6489?
8
What is the units digit of 215474?
4
What is the units digit of 7055718?
8
What is the thousands digit of 654221?
4
What is the millions digit of 1655518?
1
What is the thousands digit of 2086577?
6
What is the units digit of 44110?
0
What is the ten thousands digit of 1386822?
8
What is the tens digit of 14481186?
8
What is the hundred thousands digit of 237921?
2
What is the thousands digit of 145391?
5
What is the millions digit of 4185380?
4
What is the hundreds digit of 74249?
2
What is the units digit of 150776?
6
What is the hundreds digit of 2807786?
7
What is the hundreds digit of 34878675?
6
What is the tens digit of 163903?
0
What is the ten thousands digit of 477299?
7
What is the hundreds digit of 272820?
8
What is the hundred thousands digit of 199431?
1
What is the millions digit of 9673830?
9
What is the units digit of 16690038?
8
What is the hundreds digit of 298703?
7
What is the ten millions digit of 10798353?
1
What is the millions digit of 12980077?
2
What is the hundred thousands digit of 20448868?
4
What is the tens digit of 4451958?
5
What is the millions digit of 1176771?
1
What is the tens digit of 30440643?
4
What is the hundreds digit of 92438?
4
What is the hundred thousands digit of 2716834?
7
What is the millions digit of 7945441?
7
What is the thousands digit of 473986?
3
What is the hundred thousands digit of 3273345?
2
What is the millions digit of 14641859?
4
What is the millions digit of 1615512?
1
What is the tens digit of 1693021?
2
What is the thousands digit of 174048?
4
What is the units digit of 1222818?
8
What is the tens digit of 10138144?
4
What is the units digit of 293380?
0
What is the hundred thousands digit of 7518896?
5
What is the hundred thousands digit of 106622?
1
What is the millions digit of 1010757?
1
What is the units digit of 1360630?
0
What is the units digit of 2725329?
9
What is the thousands digit of 339087?
9
What is the units digit of 2110101?
1
What is the hundreds digit of 168784?
7
What is the hundreds digit of 198252?
2
What is the tens digit of 12687280?
8
What is the units digit of 43139?
9
What is the tens digit of 1808354?
5
What is the ten thousands digit of 584763?
8
What is the hundreds digit of 2140729?
7
What is the hundred thousands digit of 185311?
1
What is the units digit of 26695?
5
What is the hundred thousands digit of 912244?
9
What is the tens digit of 2065075?
7
What is the thousands digit of 427496?
7
What is the ten thousands digit of 66480?
6
What is the units digit of 3671772?
2
What is the tens digit of 6168827?
2
What is the hundred thousands digit of 1271096?
2
What is the units digit of 18818492?
2
What is the units digit of 460385?
5
What is the hundreds digit of 3697070?
0
What is the hundred thousands digit of 4296917?
2
What is the hundreds digit of 424770?
7
What is the units digit of 1419703?
3
What is the units digit of 903385?
5
What is the hundred thousands digit of 2295489?
2
What is the hundreds digit of 35793?
7
What is the tens digit of 3394109?
0
What is the ten thousands digit of 884893?
8
What is the thousands digit of 1689948?
9
What is the hundred thousands digit of 136131?
1
What is the tens digit of 116118?
1
What is the hundreds digit of 37209735?
7
What is the hundreds digit of 6601933?
9
What is the ten thousands digit of 20993?
2
What is the millions digit of 1031316?
1
What is the hundreds digit of 118276?
2
What is the millions digit of 1869481?
1
What is the units digit of 540536?
6
What is the thousands digit of 101807?
1
What is the hundreds digit of 40606?
6
What is the ten thousands digit of 9735453?
3
What is the thousands digit of 201156?
1
What is the millions digit of 7605533?
7
What is the millions digit of 3915504?
3
What is the units digit of 79424?
4
What is the millions digit of 31445015?
1
What is the thousands digit of 2902248?
2
What is the units digit of 102496?
6
What is the thousands digit of 1766459?
6
What is the hundreds digit of 635380?
3
What is the millions digit of 12176300?
2
What is the units digit of 434212?
2
What is the tens digit of 1853265?
6
What is the tens digit of 7566879?
7
What is the ten thousands digit of 1512235?
1
What is the thousands digit of 310892?
0
What is the hundreds digit of 573441?
4
What is the units digit of 75935?
5
What is the thousands digit of 18566646?
6
What is the millions digit of 2149109?
2
What is the thousands digit of 3183765?
3
What is the units digit of 1029261?
1
What is the ten thousands digit of 24759053?
5
What is the tens digit of 6190773?
7
What is the hundred thousands digit of 9462594?
4
What is the hundred thousands digit of 10308325?
3
What is the tens digit of 10772?
7
What is the tens digit of 2149308?
0
What is the units digit of 1444281?
1
What is the ten thousands digit of 890415?
9
What is the tens digit of 32267644?
4
What is the millions digit of 26809241?
6
What is the units digit of 325837?
7
What is the millions digit of 2071124?
2
What is the ten thousands digit of 71606?
7
What is the units digit of 452028?
8
What is the tens digit of 14225056?
5
What is the millions digit of 2314134?
2
What is the tens digit of 903842?
4
What is the tens digit of 2779895?
9
What is the hundreds digit of 2593962?
9
What is the units digit of 189657?
7
What is the tens digit of 5211208?
0
What is the hundreds digit of 28120?
1
What is the hundred thousands digit of 781466?
7
What is the hundreds digit of 24164147?
1
What is the units digit of 166079?
9
What is the units digit of 1504406?
6
What is the thousands digit of 6009360?
9
What is the millions digit of 20057258?
0
What is the units digit of 1231421?
1
What is the thousands digit of 611335?
1
What is the tens digit of 101666?
6
What is the thousands digit of 1834826?
4
What is the ten thousands digit of 1282543?
8
What is the hundreds digit of 11937597?
5
What is the thousands digit of 2512177?
2
What is the thousands digit of 117076?
7
What is the hundred thousands digit of 10150541?
1
What is the thousands digit of 29125984?
5
What is the units digit of 132484?
4
What is the millions digit of 30022750?
0
What is the units digit of 4363787?
7
What is the ten thousands digit of 4273492?
7
What is the thousands digit of 15355029?
5
What is the thousands digit of 30512058?
2
What is the thousands digit of 25990?
5
What is the thousands digit of 751052?
1
What is the ten thousands digit of 93065?
9
What is the units digit of 174087?
7
What is the ten thousands digit of 7490764?
9
What is the millions digit of 1472734?
1
What is the tens digit of 1059284?
8
What is the hundreds digit of 2007637?
6
What is the ten thousands digit of 502619?
0
What is the units digit of 6365322?
2
What is the units digit of 2294491?
1
What is the units digit of 4733881?
1
What is the tens digit of 585585?
8
What is the millions digit of 1781706?
1
What is the units digit of 15193688?
8
What is the tens digit of 4798343?
4
What is the hundreds digit of 1006027?
0
What is the hundreds digit of 155697?
6
What is the tens digit of 22188834?
3
What is the tens digit of 7650943?
4
What is the hundreds digit of 56624?
6
What is the ten thousands digit of 418175?
1
What is the millions digit of 7600469?
7
What is the tens digit of 213413?
1
What is the thousands digit of 33356?
3
What is the thousands digit of 162475?
2
What is the tens digit of 4431528?
2
What is the hundred thousands digit of 224871?
2
What is the thousands digit of 9452?
9
What is the ten thousands digit of 1678860?
7
What is the units digit of 228225?
5
What is the thousands digit of 770386?
0
What is the hundreds digit of 760873?
8
What is the units digit of 3348008?
8
What is the tens digit of 249608?
0
What is the millions digit of 6760142?
6
What is the hundred thousands digit of 6741579?
7
What is the ten thousands digit of 7343389?
4
What is the hundred thousands digit of 5503165?
5
What is the tens digit of 1001747?
4
What is the ten thousands digit of 3647403?
4
What is the ten thousands digit of 213168?
1
What is the tens digit of 5812481?
8
What is the tens digit of 84845?
4
What is the tens digit of 113631?
3
What is the tens digit of 220019?
1
What is the units digit of 188